 704*x + 279. Give k(-70).
-1
Let v(g) = -g**3 + 11*g**2 - 17*g + 43. Calculate v(9).
52
Let v(i) = -i**2 + 263*i + 3582. Determine v(-13).
-6
Let h(y) = 4*y**2 - 27*y + 70. What is h(6)?
52
Let p(z) = -z**3 - 19*z**2 - 18*z - 263. Give p(-19).
79
Let a(c) = -7*c**2 - 51*c - 154. What is a(-3)?
-64
Let k(r) = -5*r**2 - 18*r + 20. What is k(4)?
-132
Let g(u) = 4*u**3 - 15*u**2 - 14*u + 46. Give g(4).
6
Let k(w) = 58*w - 11. What is k(1)?
47
Let g(i) = i**3 - 7*i**2 + 8*i + 17. What is g(5)?
7
Let j(v) = -4*v**3 - 94*v**2 + 44*v - 3. Give j(-24).
93
Let w(r) = 2*r**3 + 79*r**2 - 211*r - 49. What is w(-42)?
-7
Let v(p) = -2*p**2 - 215*p - 2460. What is v(-13)?
-3
Let d(k) = 41*k - 332. Calculate d(8).
-4
Let n(l) = l**3 - 23*l**2 + 18*l + 62. What is n(22)?
-26
Let d(z) = -502*z - 66770. What is d(-133)?
-4
Let r(w) = -w**2 - 46*w + 5688. Calculate r(56).
-24
Let b(l) = 32*l**2 + 147*l - 72. What is b(-5)?
-7
Let b(g) = 12*g**2 + 12*g - 45. Determine b(3).
99
Let z(w) = 6*w**2 + 42*w - 63. Give z(-8).
-15
Let k(d) = 5*d**2 + 143*d + 590. What is k(-4)?
98
Let t(b) = 50*b**2 - 2802*b + 42. Give t(56).
-70
Let r(z) = 2*z**2 - 14*z - 109. Give r(11).
-21
Let z(d) = 97*d - 106. Determine z(2).
88
Let k(r) = r**3 - 4*r**2 - 17. Determine k(6).
55
Let y(n) = 7*n**2 - 32*n + 93. Calculate y(4).
77
Let p(m) = -36*m + 75. What is p(12)?
-357
Let v(q) = q**3 + 9*q**2 + 20*q + 27. Determine v(-3).
21
Let t(k) = -150*k - 7511. Calculate t(-50).
-11
Let r(v) = 726*v - 52314. Calculate r(72).
-42
Let h(f) = -4*f**2 - 125*f - 614. Give h(-6).
-8
Let u(f) = -f**2 - 26*f - 66. Calculate u(-18).
78
Let m(j) = -5*j**3 - 396*j**2 - 469*j - 74. Calculate m(-78).
4
Let i(n) = -2*n**3 - 2*n**2 + 4*n + 6. Give i(-3).
30
Let r(z) = -376*z + 685. Give r(2).
-67
Let j(q) = -q**3 - 34*q**2 + 29*q - 277. What is j(-35)?
-67
Let c(z) = 2*z**3 - 40*z**2 - 2*z - 69. Give c(20).
-109
Let v(t) = 119*t - 283. What is v(6)?
431
Let t(c) = -c**2 + 28*c + 8. Give t(15).
203
Let u(y) = 20*y - 135. Calculate u(-2).
-175
Let x(p) = 272*p - 5152. What is x(19)?
16
Let j(g) = 438*g - 14450. Determine j(33).
4
Let y(a) = -286*a - 4292. Give y(-15).
-2
Let y(c) = -c**2 + 62*c - 143. What is y(56)?
193
Let l(d) = -70*d - 927. Determine l(-13).
-17
Let g(k) = -12*k + 1136. What is g(102)?
-88
Let i(c) = 19*c**2 - 1. Calculate i(-2).
75
Let m(q) = q**3 + 5*q**2 - 81*q + 30. Determine m(-12).
-6
Let w(i) = -156*i**2 - 2331*i + 103. Give w(-15).
-32
Let b(d) = d**3 - 10*d**2 + 40*d - 23. Determine b(7).
110
Let d(t) = 2*t + 112. Give d(28).
168
Let b(y) = 28*y - 191. Determine b(7).
5
Let w(x) = 13*x + 247. Give w(-20).
-13
Let m(q) = 38*q - 48. Determine m(2).
28
Let m(x) = -x**2 + 16*x + 12. What is m(-3)?
-45
Let j(k) = 269*k - 28790. What is j(107)?
-7
Let q(l) = 2*l**2 + 146*l - 9657. Calculate q(-115).
3
Let m(o) = -o**2 + 10*o - 9. Determine m(-5).
-84
Let x(o) = -2*o**3 + 88*o**2 - 948*o - 56. Give x(25).
-6
Let g(t) = t**3 + 11*t**2 + 12*t + 122. Determine g(-11).
-10
Let x(u) = 7661*u - 191526. Determine x(25).
-1
Let w(c) = -c**3 - 54*c**2 + 870*c + 10. What is w(13)?
-3
Let z(n) = 2*n**2 - 4*n + 20. Calculate z(-2).
36
Let t(y) = y**2 - 5*y - 325. Give t(21).
11
Let z(b) = -2*b**3 - 50*b**2 + 46*b - 68. Determine z(-26).
88
Let v(a) = a**3 + 13*a**2 + 7*a + 27. Determine v(-13).
-64
Let a(j) = -j**3 + 34*j**2 + 178*j - 90. Determine a(38).
898
Let s(n) = -3*n**3 + 33*n**2 - 10*n - 1. Determine s(10).
199
Let f(g) = 57*g + 5944. Calculate f(-104).
16
Let a(n) = 238*n - 9980. What is a(42)?
16
Let h(t) = -38*t - 79. What is h(-4)?
73
Let v(m) = 3*m**2 + 7*m + 10. Calculate v(-10).
240
Let d(x) = 65*x + 9300. What is d(-143)?
5
Let b(k) = -k**2 - 4*k + 2494. Determine b(-54).
-206
Let r(k) = k**3 + 21*k**2 + 115*k + 223. Calculate r(-14).
-15
Let z(d) = 2*d**2 + 57*d - 65. Determine z(-30).
25
Let l(z) = -1074*z - 47263. Determine l(-44).
-7
Let g(v) = -188*v + 45500. What is g(242)?
4
Let p(k) = 2*k**2 + 17*k + 40. What is p(-18)?
382
Let r(f) = -473*f - 15598. Give r(-33).
11
Let t(b) = -67*b - 9511. What is t(-142)?
3
Let l(o) = -o**3 - 34*o**2 + 14*o + 141. What is l(-34)?
-335
Let h(r) = -r**3 + 272*r**2 - 248*r - 6241. What is h(271)?
-8
Let y(m) = m**3 - 28*m**2 + 22*m + 133. Calculate y(27).
-2
Let f(i) = -152*i**3 + i**2 - 52*i - 53. What is f(-1)?
152
Let w(z) = -24*z - 238. What is w(-24)?
338
Let s(b) = -81*b - 1287. What is s(-17)?
90
Let b(g) = 181*g - 1228. Calculate b(7).
39
Let q(a) = 29*a**2 + 164*a + 53. Determine q(-7).
326
Let g(m) = -2*m**2 + 64*m - 162. Calculate g(29).
12
Let v(q) = -55*q + 443. Give v(7).
58
Let o(c) = -2369*c - 37899. Calculate o(-16).
5
Let m(k) = 614*k + 1859. Determine m(-3).
17
Let n(o) = 4*o**3 + 20*o**2 - 23*o + 2. Give n(-6).
-4
Let j(n) = -8*n**2 + 98*n + 202. What is j(14)?
6
Let q(u) = -60*u**3 + 2*u**2 - 142*u - 142. Determine q(-1).
62
Let q(k) = -k**3 + 19*k**2 - 30*k - 90. What is q(17)?
-22
Let b(h) = -12*h**3 + 22*h**2 + 5*h - 6. Determine b(2).
-4
Let i(c) = 37*c + 3507. Give i(-95).
-8
Let b(r) = 5*r**2 + 55*r + 79. What is b(-11)?
79
Let t(i) = i**2 - 21*i - 234. Calculate t(29).
-2
Let s(t) = -t**2 + 26*t - 139. Determine s(14).
29
Let u(s) = -s**3 + 9*s**2 - 17*s + 5. Determine u(3).
8
Let k(h) = -h**3 - 13*h**2 + 91*h + 9. What is k(5)?
14
Let q(t) = -654*t - 3706. Calculate q(-6).
218
Let b(a) = a**3 - 74*a**2 + 1357*a + 399. Calculate b(36).
3
Let y(o) = o**3 + 4*o**2 + 123*o + 4. Determine y(0).
4
Let n(w) = w**2 + 9*w - 109. What is n(-17)?
27
Let m(y) = 32*y**2 + 326*y + 20. Determine m(-10).
-40
Let v(x) = x**3 + 3*x**2 - 78*x + 56. Calculate v(7).
0
Let u(c) = -27*c**2 - 517*c - 60. Give u(-19).
16
Let x(m) = m**2 - 15*m - 793. What is x(36)?
-37
Let s(x) = 92*x**2 - 457*x - 10. Determine s(5).
5
Let z(y) = y**3 + 20*y**2 + 41*y + 85. Give z(-18).
-5
Let p(w) = 119*w + 3657. Give p(-30).
87
Let u(a) = 5*a**2 - 171*a - 717. Determine u(38).
5
Let i(t) = -t**2 + 28*t + 433. Determine i(-13).
-100
Let o(i) = -122*i**3 + 6*i**2 - 7*i. Determine o(1).
-123
Let r(t) = -t**3 - 16*t**2 + 165*t + 58. Calculate r(-23).
-34
Let w(r) = -3230*r - 77535. Determine w(-24).
-15
Let d(n) = -n**2 - n - 18. Determine d(-4).
-30
Let t(y) = 27*y + 1125. Determine t(-42).
-9
Let a(x) = -x**3 - 142*x**2 - 4786*x - 61. Calculate a(-55).
-6
Let u(l) = -l**3 - 21*l**2 + 10*l + 150. Calculate u(-21).
-60
Let y(x) = -7*x**2 - 12*x + 66. Calculate y(-9).
-393
Let w(c) = -2*c**2 + 450*c + 9290. Give w(-19).
18
Let z(y) = 61*y + 8. Calculate z(-1).
-53
Let s(q) = -q**2 + 8*q - 20. Determine s(11).
-53
Let h(s) = 677*s + 2736. Calculate h(-4).
28
Let o(a) = -a**3 + 73*a**2 - 75*a + 253. Determine o(72).
37
Let c(k) = -16*k + 10. Give c(1).
-6
Let m(s) = s**3 + 49*s**2 - 145*s + 576. Give m(-52).
4
Let n(g) = -g**3 + 11*g**2 - 18*g + 14. What is n(9)?
14
Let l(p) = -2*p**2 - 71*p + 89. Determine l(-32).
313
Let x(o) = o**2 + 198*o + 4169. Calculate x(-24).
-7
Let d(m) = 49*m + 735. Calculate d(-15).
0
Let o(r) = 3*r**3 + 2*r**2 - 7*r + 3. Give o(3).
81
Let y(z) = 2*z**2 - 185*z + 47. Give y(92).
-45
Let z(h) = 75*h - 1568. Give z(21).
7
Let b(s) = 89*s**3 - 5*s**2 - 28*s - 28. Calculate b(-2).
-704
Let f(b) = b**3 + 2*b**2 + 71*b - 397. Give f(6).
317
Let g(n) = n**2 - 80*n + 1275. Calculate g(22).
-1
Let o(z) = -z**3 - 108*z**2 + 358*z + 27129. What is o(-109)?
-12
Let u(b) = b**3 + 4*b**2 - 4*b + 5. Calculate u(2).
21
Let t(a) = 3*a**2 + 308*a - 3524. What is t(-113)?
-21
Let c(m) = -2063*m + 4137. Determine c(2).
11
Let m(u) = -u**2 - 6*u + 22. Give m(0).
22
Let q(v) = 331*v - 336. Calculate q(1).
-5
Let g(x) = -10*x + 1. Give g(-9).
91
Let w(p) = 4*p**3 - 29*p**2 - 12*p + 33. Determine w(8).
129
Let h(t) = -t**3 - 3*t**2 + 24*t + 9. Calculate h(4).
-7
Let f(s) = 20697*s + 41394. What is f(-2)?
0
Let u(x) = -x**2 + 33*x - 35. What is u(1)?
-3
Let s(f) = -f**3 + 11*f**2 - 27*f + 60. Determine s(10).
-110
Let b(n) = 18*n**2 - 356*n + 7. Determine b(19).
-259
Let s(w) = -2*w**2 + 39*w + 3. Calculate s(12).
183
Let f(b) = b**2 + 57*b + 663. Determine f(-14).
61
Let m(y) = y**2 - 5*y - 3179. Calculate m(59).
7
Let r(q) = 2*q**3 + 14*q**2 - 23*q - 240. What is r(-9)?
-357
Let u(o) = -5*o**2 + 22*o - 20. Determine u(4).
-12
Let h(m) = m**3 - 67*m*